of 7412?
2, 17, 109
List the prime factors of 1029.
3, 7
List the prime factors of 1026.
2, 3, 19
What are the prime factors of 32?
2
List the prime factors of 1613.
1613
What are the prime factors of 51421?
51421
What are the prime factors of 16799?
107, 157
List the prime factors of 22538.
2, 59, 191
List the prime factors of 11685.
3, 5, 19, 41
What are the prime factors of 13535?
5, 2707
What are the prime factors of 12053?
17, 709
What are the prime factors of 1459?
1459
What are the prime factors of 8674?
2, 4337
List the prime factors of 2780.
2, 5, 139
List the prime factors of 45048.
2, 3, 1877
What are the prime factors of 9482?
2, 11, 431
What are the prime factors of 873?
3, 97
What are the prime factors of 7148?
2, 1787
What are the prime factors of 3038?
2, 7, 31
List the prime factors of 83912.
2, 17, 617
List the prime factors of 58864.
2, 13, 283
List the prime factors of 4899.
3, 23, 71
What are the prime factors of 3587?
17, 211
List the prime factors of 14504.
2, 7, 37
What are the prime factors of 40940?
2, 5, 23, 89
List the prime factors of 2644.
2, 661
List the prime factors of 3567.
3, 29, 41
List the prime factors of 5606.
2, 2803
What are the prime factors of 5386?
2, 2693
List the prime factors of 22721.
22721
List the prime factors of 4869.
3, 541
What are the prime factors of 53894?
2, 26947
What are the prime factors of 68?
2, 17
What are the prime factors of 20204?
2, 5051
What are the prime factors of 439?
439
List the prime factors of 11898.
2, 3, 661
What are the prime factors of 9300?
2, 3, 5, 31
What are the prime factors of 82169?
127, 647
List the prime factors of 5598.
2, 3, 311
List the prime factors of 110803.
7, 11, 1439
List the prime factors of 3345.
3, 5, 223
What are the prime factors of 454?
2, 227
What are the prime factors of 4206?
2, 3, 701
List the prime factors of 7170.
2, 3, 5, 239
List the prime factors of 549.
3, 61
List the prime factors of 69273.
3, 43, 179
List the prime factors of 793.
13, 61
What are the prime factors of 2811?
3, 937
What are the prime factors of 1964?
2, 491
List the prime factors of 1821.
3, 607
What are the prime factors of 8435?
5, 7, 241
What are the prime factors of 4045?
5, 809
What are the prime factors of 7880?
2, 5, 197
What are the prime factors of 1631?
7, 233
List the prime factors of 2543.
2543
What are the prime factors of 26012?
2, 7, 929
What are the prime factors of 4247?
31, 137
What are the prime factors of 15661?
15661
What are the prime factors of 14762?
2, 11, 61
What are the prime factors of 13623?
3, 19, 239
What are the prime factors of 86658?
2, 3, 11, 13, 101
What are the prime factors of 6537?
3, 2179
List the prime factors of 29926.
2, 13, 1151
List the prime factors of 12032.
2, 47
List the prime factors of 1287.
3, 11, 13
What are the prime factors of 9215?
5, 19, 97
What are the prime factors of 151?
151
What are the prime factors of 15628?
2, 3907
What are the prime factors of 805?
5, 7, 23
List the prime factors of 819.
3, 7, 13
List the prime factors of 928.
2, 29
What are the prime factors of 49686?
2, 3, 7, 13
List the prime factors of 9163.
7, 11, 17
What are the prime factors of 2734?
2, 1367
What are the prime factors of 8797?
19, 463
List the prime factors of 1934.
2, 967
What are the prime factors of 44136?
2, 3, 613
What are the prime factors of 768?
2, 3
What are the prime factors of 26856?
2, 3, 373
List the prime factors of 13926.
2, 3, 11, 211
List the prime factors of 672.
2, 3, 7
What are the prime factors of 855?
3, 5, 19
List the prime factors of 1278.
2, 3, 71
List the prime factors of 35723.
139, 257
What are the prime factors of 52926?
2, 3, 8821
List the prime factors of 41705.
5, 19, 439
What are the prime factors of 1175?
5, 47
List the prime factors of 2540.
2, 5, 127
What are the prime factors of 7358?
2, 13, 283
List the prime factors of 51099.
3, 17033
List the prime factors of 1870.
2, 5, 11, 17
What are the prime factors of 1778?
2, 7, 127
What are the prime factors of 8719?
8719
List the prime factors of 1454.
2, 727
What are the prime factors of 817?
19, 43
List the prime factors of 1577.
19, 83
List the prime factors of 14108.
2, 3527
List the prime factors of 31636.
2, 11, 719
List the prime factors of 5189.
5189
List the prime factors of 1187.
1187
What are the prime factors of 393?
3, 131
What are the prime factors of 1417?
13, 109
List the prime factors of 16737.
3, 7, 797
List the prime factors of 16104.
2, 3, 11, 61
List the prime factors of 1084.
2, 271
List the prime factors of 610.
2, 5, 61
What are the prime factors of 6080?
2, 5, 19
List the prime factors of 40113.
3, 4457
List the prime factors of 9281.
9281
List the prime factors of 1139.
17, 67
List the prime factors of 188769.
3, 7, 89, 101
What are the prime factors of 103610?
2, 5, 13, 797
What are the prime factors of 215?
5, 43
What are the prime factors of 3274?
2, 1637
List the prime factors of 697.
17, 41
What are the prime factors of 1137?
3, 379
List the prime factors of 1094.
2, 547
List the prime factors of 27096.
2, 3, 1129
List the prime factors of 39509.
39509
List the prime factors of 15546.
2, 3, 2591
List the prime factors of 20566.
2, 7, 13, 113
What are the prime factors of 3219?
3, 29, 37
What are the prime factors of 333?
3, 37
What are the prime factors of 792?
2, 3, 11
What are the prime factors of 357?
3, 7, 17
What are the prime factors of 938?
2, 7, 67
List the prime factors of 5335.
5, 11, 97
What are the prime factors of 96889?
13, 29, 257
What are the prime factors of 315?
3, 5, 7
What are the prime factors of 1001?
7, 11, 13
What are the prime factors of 5512?
2, 13, 53
List the prime factors of 81265.
5, 16253
List the prime factors of 4449.
3, 1483
What are the prime factors of 7753?
7753
What are the prime factors of 13655?
5, 2731
List the prime factors of 3870.
2, 3, 5, 43
What are the prime factors of 130216?
2, 41, 397
What are the prime factors of 5513?
37, 149
What are the prime factors of 35882?
2, 7, 11, 233
List the prime factors of 42983.
53, 811
List the prime factors of 11611.
17, 683
What are the prime factors of 3510?
2, 3, 5, 13
List the prime factors of 15665.
5, 13, 241
List the prime factors of 704.
2, 11
What are the prime factors of 1272?
2, 3, 53
List the prime factors of 5185.
5, 17, 61
List the prime factors of 18142.
2, 47, 193
What are the prime factors of 1785?
3, 5, 7, 17
What are the prime factors of 183?
3, 61
What are the prime factors of 1563?
3, 521
List the prime factors of 4997.
19, 263
What are the prime factors of 493?
17, 29
What are the prime factors of 4368?
2, 3, 7, 13
What are the prime factors of 45975?
3, 5, 613
List the prime factors of 661.
661
What are the prime factors of 1654?
2, 827
List the prime factors of 506.
2, 11, 23
What are the prime factors of 26146?
2, 17, 769
List the prime factors of 34719.
3, 71, 163
What are the prime factors of 20329?
29, 701
What are the prime factors of 23575?
5, 23, 41
List the prime factors of 8264.
2, 1033
List the prime factors of 15717.
3, 13, 31
What are the prime factors of 14449?
14449
What are the prime factors of 810?
2, 3, 5
What are the prime factors of 23149?
7, 3307
What are the prime factors of 3892?
2, 7, 139
What are the prime factors of 143418?
2, 3, 11, 41, 53
List the prime factors of 21586.
2, 43, 251
List the prime factors of 10012.
2, 2503
What are the prime factors of 20367?
3, 31, 73
List the prime factors of 1541.
23, 67
What are the prime factors of 633?
3, 211
List the prime factors of 30183.
3, 10061
List the prime factors of 42218.
2, 11, 19, 101
What are the prime factors of 57697?
57697
List the prime factors of 23880.
2, 3, 5, 199
List the prime factors of 1222.
2, 13, 47
List the prime factors of 17123.
17123
What are the prime factors of 114257?
11, 13, 17, 47
List the prime factors of 657.
3, 73
List the prime factors of 48907.
48907
What are the prime factors of 17557?
97, 181
List the prime factors of 18384.
2, 3, 383
List the prime factors of 73.
73
List the prime factors of 807.
3, 269
What are the prime factors of 70810?
2, 5, 73, 97
List the prime factors of 10291.
41, 251
What are the prime factors of 266?
2, 7, 19
What are the prime factors of 1012?
2, 11, 23
List the prime 